 j**3 + 3*j**2 + 4*j. Let y(a) = -h(a) + 5*n(a). Is y(-1) a composite number?
False
Let m be (4/6*-9)/(-2). Let q(u) = 32*u**2 + u + 2. Is q(m) a composite number?
False
Let g(i) = 263*i - 10. Is g(3) composite?
True
Suppose 2*y + 4*n - 2552 = -2*y, -2*n = -2*y + 1264. Is y composite?
True
Let d be (-84)/22 + (-10)/55. Let w = 7 + d. Suppose w*g + 33 = 6*g. Is g a prime number?
True
Let w(o) = 35 + 59 - 5*o**2 + 6*o**2 + 33. Is w(0) a prime number?
True
Suppose 4*i - 161 = 3*i + 3*j, 0 = 4*i - 5*j - 644. Is i prime?
False
Suppose 1 = 3*n - 74. Let m = n - -268. Is m prime?
True
Suppose 0 = -5*s, 3*b + 2*s - 43 = 5. Suppose -5*i + b = -59. Is i prime?
False
Let h(z) = -z**3 - 12*z**2 - 19*z - 11. Is h(-14) prime?
True
Let j(n) = -6*n + 3 - 4*n + 2. Is j(-9) prime?
False
Suppose -2*y + 3 - 2 = -3*v, -y + 2 = 0. Suppose -2 - v = -b. Is (-3 - 1)/((-6)/b) composite?
False
Suppose 2*u + 2 = 3*u, 4*d = -3*u + 814. Is d composite?
True
Suppose v - 2 = -4*u + 2*v, u = -5*v - 10. Let c be (-10)/2 - u - 0. Let n(q) = -q**3 - 3*q**2 + 4*q + 5. Is n(c) a composite number?
True
Is (-1)/(3*1/(-753)) composite?
False
Is 44/(-33)*(-1194)/4 prime?
False
Suppose -5*w - 25 + 69 = t, -2*w + 13 = 5*t. Let j = w + 140. Is j prime?
True
Suppose 6*q - q - 3550 = -5*a, 3*a - 2132 = -5*q. Is a composite?
False
Let a(o) = 10*o - 19. Let d(k) = 3*k - 6. Let y(t) = 2*a(t) - 7*d(t). Let v be y(2). Suppose v*r + r = 42. Is r a prime number?
False
Let o(n) = -2*n - 1. Let m be o(7). Let b = m + 22. Is b a prime number?
True
Let q(g) = g**2 - 8*g + 8. Let r be q(8). Let x be r/3 - (-2)/6. Suppose x*l - 2*l = 37. Is l prime?
True
Let z(w) = -3*w + 6. Let x(n) be the first derivative of -n**2/2 + 4*n - 1. Let h be x(9). Is z(h) a composite number?
True
Is 1/((-2)/(-7026)*3) prime?
True
Let r(w) = -w + 5. Let a be r(3). Let f(q) = -q**3 + 3*q**2 + q - 2. Let o be f(a). Is ((-3)/o - 1)*-12 composite?
True
Let v be (-4)/(-6) + 99/(-27). Is 246/36 + v/(-18) a prime number?
True
Let b(c) = 11*c**3 - c**2 - 1. Let q be b(3). Is q + 3 + 0 + -3 prime?
False
Suppose -5*l = -l - 10180. Is (-1)/4 + l/20 prime?
True
Let f(l) = 4*l**2 + 4*l - 10. Let i be f(5). Let n(y) = -y**3 + 4*y**2 + 7*y - 1. Let g be n(6). Let o = g + i. Is o composite?
False
Let n(r) = 2*r + 14. Let b(p) = -p - 13. Let v(f) = -3*b(f) - 2*n(f). Let l be v(11). Suppose l = 5*m - m - 308. Is m a composite number?
True
Let i(s) = 18*s - 1. Suppose 5*r - r - 8 = 0. Is i(r) a prime number?
False
Suppose -2*l = 107 + 81. Let g = 171 - l. Is g prime?
False
Let g be (-3332)/(-8) + (-3)/6. Suppose f + f - 4*x = 428, x = 2*f - g. Is f composite?
True
Is ((-606)/4*4)/(4 + -6) a composite number?
True
Let j(u) = u**3 - 5*u**2 + 5. Let c be j(5). Suppose c*w = 36 + 979. Is w prime?
False
Let z(c) be the second derivative of c**5/20 + c**4/3 - 4*c**3/3 - 5*c**2/2 - 2*c. Is z(-5) a prime number?
False
Is -4*(-3)/18*33 a prime number?
False
Suppose -g + 3*g - 106 = 0. Is g prime?
True
Let l = -2456 - -3503. Is l a prime number?
False
Is (-1 - -3) + 2956/4 + -2 prime?
True
Suppose 3*c - 2*r - 101 - 240 = 0, -5*r - 209 = -2*c. Let a = c + -58. Is a a prime number?
True
Suppose 4*j - 16 = -y, 4*y = -5*j + 3*j + 22. Suppose -d = d - 3*a - 797, 1200 = 3*d - j*a. Is d composite?
True
Let g(x) = -x**2 - 5*x + 3. Let l be g(-6). Is (-7 + 3 - l)*-39 composite?
True
Suppose -4*c - c = 5. Is 58 - (1 - -1 - c) composite?
True
Let m(t) be the first derivative of t**4/4 + 8*t**3/3 - t**2/2 - 9*t + 1. Let k be m(-8). Is (66 + 0)/(3 + k) a composite number?
True
Suppose -14*j = -11*j - 1257. Is j a composite number?
False
Let p = 179 - -38. Is p composite?
True
Suppose -2*b + g = 5*g - 22, 0 = -5*g + 25. Let s = b - 9. Let l = 59 + s. Is l prime?
False
Let a(f) = -160*f + 29. Is a(-12) a prime number?
True
Let v(l) = 6*l**2 + 9*l - 25. Is v(16) a composite number?
True
Suppose -29*v + 1735 = -24*v. Is v a prime number?
True
Let o(r) = 29*r - 2. Is o(9) a prime number?
False
Is -2*((-837)/6)/9 a prime number?
True
Suppose -2*h + 120 = -838. Is h composite?
False
Is (78336/28)/6 + 4/(-14) a composite number?
True
Is -482*10*4/(-16) composite?
True
Suppose -3*a = c, 5*a + 0*c + 4*c - 7 = 0. Let f = 24 - a. Is f a composite number?
True
Let m(c) = 66*c - 4. Let r be m(2). Suppose 4*f + 340 = -4*l, l + l + 173 = -3*f. Let t = l + r. Is t a prime number?
False
Let j = -20 - -118. Suppose 27 = z + 3*k - j, z = -k + 117. Is z a composite number?
False
Suppose 0 = r + 2 - 6. Suppose r*o + 5*l = 51, 0*o = o - 5*l - 19. Suppose 3*u + 3*b = 222, -u = 3*b - o - 54. Is u a prime number?
False
Let n = 725 + 15. Suppose -i - 3*i = -n. Is i prime?
False
Let k = 11 + -9. Suppose 5*n - 18 = k*n. Is n a prime number?
False
Let o = 436 + -117. Is o a composite number?
True
Let q(b) be the third derivative of b**5/12 + b**2. Let s be q(-1). Suppose s*a - 404 = 3*i, -4*i + 148 = 5*a - 235. Is a a composite number?
False
Suppose 5*d - 1848 = 27. Suppose -d + 102 = -3*a. Is a a prime number?
False
Let i be (-1 + 1)/(5 - 2). Suppose 2*b + 4 - 16 = i. Is (1 - 51/b)*-2 composite?
True
Let q = 1 + -2. Is (2/6)/(q/(-201)) prime?
True
Let w = 9 + -6. Suppose -148 = -u - w*u. Is u composite?
False
Let q(j) be the third derivative of -j**5/60 + j**4/24 - 5*j**3/6 - 2*j**2. Let r be q(4). Is 0 - (r + (-6)/(-3)) a prime number?
False
Let j = -47 + 116. Is j a prime number?
False
Suppose -6 = 4*w + 4*q - 26, w + 5 = -3*q. Suppose m - 5*x + 2*x = -4, -2*m - 3*x = -w. Suppose m*c - 18 = 44. Is c prime?
True
Suppose -3*i - 7 - 5 = 0, 5*p - 3933 = 2*i. Is p composite?
True
Suppose 9*t - 142 = 56. Is t composite?
True
Is 147/6 - 6/4 a prime number?
True
Let q(o) = 339*o**2 + 4*o - 24. Is q(3) composite?
True
Is (-13345)/(-17) + (-4)/(4/(-2)) a composite number?
False
Let g(q) = q**2 + 2*q - 2. Let l be g(-4). Is ((-2)/l)/(1/(-63)) composite?
True
Let g(f) = 9*f**3 + 2*f**2 - 1. Is g(2) a composite number?
False
Let w(k) = k**3 - 2*k**2 - 3*k - 2. Let y be w(3). Is y/8 + (-15976)/(-32) composite?
False
Is 0 + 688 - (-12)/((-4)/(-1)) composite?
False
Suppose 5*c = -546 - 1149. Let o = c + 680. Is o prime?
False
Let p = 232 - -163. Is p a composite number?
True
Let i = -605 + 852. Is i a prime number?
False
Suppose 0 = -u - u - 184. Let d = 26 - u. Is d composite?
True
Let d(q) = -q**2 + 4*q + 13. Let c be d(6). Let u(l) = 58*l**2 + l. Is u(c) composite?
False
Let b(a) = -a**2 + a + 622. Let n be b(0). Suppose -4*y + n = -550. Is y prime?
True
Suppose 3*i = 0, -5*p + 2233 - 48 = -3*i. Is p a prime number?
False
Suppose -4*j = 2*g - 22, 3*g = j + j + 1. Let x(h) = 3*h**2 + 1 + 8*h**2 + j*h**2 - 3*h**2. Is x(-1) a composite number?
False
Let j(x) = -15*x**3 - 23*x**2 - 16*x - 23. Let u(f) = -5*f**3 - 8*f**2 - 5*f - 8. Let s(a) = 3*j(a) - 8*u(a). Is s(-5) a composite number?
True
Let i(s) = -6*s + 8*s**3 + 5*s + 3 + 2*s**3 - 2*s. Is i(4) a prime number?
True
Let g(x) be the first derivative of x**2/2 + 4*x - 1. Let b be g(-4). Let t = b - -14. Is t prime?
False
Let d(k) = 13*k**2 + k + 11. Is d(9) a composite number?
True
Suppose 4*d - 4 - 5 = -3*u, -2*d + u = -7. Suppose 0 = -2*c + 2, m = -2*m - d*c + 162. Let a = 102 - m. Is a a prime number?
False
Let s be (-1 + 358)/(-8 - -9). Let c = -94 + s. Is c a prime number?
True
Let u = -9 + 11. Let k be (-1)/(26/(-12) + 2). Suppose -u*i - 8 = -k*i, n = -3*i + 53. Is n composite?
False
Suppose 0 = -3*l + 4*u - 9*u + 3, 0 = -2*u. Let m(s) = 3*s + 2 + 0 - l. Is m(2) prime?
True
Suppose -3*m + 591 = -546. Is m prime?
True
Let j(y) = 132*y**2 + y. Is j(-1) prime?
True
Is ((-644)/(-8))/(-7)*-22 prime?
False
Let i be ((-6)/(-4))/(3/50). Let t = -16 + i. Is t composite?
True
Let h(u) = u**3 - u - 3. Let m be h(3). Suppose -2*k - 3 + m = 0. Let s = 22 - k. Is s composite?
False
Let s(x) = -x**2 + 8*x - 8. Let h be s(6). Suppose 0*k - 3*z = 2*k - 23, -h*z = -5*k + 69. Is k a composite number?
False
Let m(n) = -4*n - 6. Let g be m(-4). Let q(t) = -1 + 2 + 1 + 13*t - 5. Is q(g) a prime number?
True
Let b be 0/((-5 - -2) + 2). Suppose b = -d - 2. Is ((-8)/16)/(d/124) composite?
False
Let h(w) = -w**2 - w. Let j be h(0). Suppose j = 5*x - 2*x - 645. Is x a composite number?
True
Is (5/((-60)/(-42)))/((-1)/(-458)) composite?
True
Let h(z) be the first derivativ